d by 54?
37
Calculate the remainder when 69 is divided by 3.
0
What is the remainder when 6217 is divided by 3105?
7
What is the remainder when 423 is divided by 41?
13
What is the remainder when 659 is divided by 33?
32
What is the remainder when 68 is divided by 38?
30
What is the remainder when 312 is divided by 63?
60
Calculate the remainder when 15 is divided by 5.
0
What is the remainder when 363 is divided by 35?
13
Calculate the remainder when 666 is divided by 61.
56
Calculate the remainder when 245 is divided by 118.
9
What is the remainder when 16364 is divided by 528?
524
Calculate the remainder when 94 is divided by 4.
2
What is the remainder when 64 is divided by 24?
16
Calculate the remainder when 164 is divided by 15.
14
What is the remainder when 529 is divided by 14?
11
Calculate the remainder when 4719 is divided by 124.
7
Calculate the remainder when 157 is divided by 29.
12
Calculate the remainder when 359 is divided by 74.
63
Calculate the remainder when 649 is divided by 55.
44
Calculate the remainder when 429 is divided by 54.
51
Calculate the remainder when 622 is divided by 24.
22
Calculate the remainder when 148 is divided by 82.
66
What is the remainder when 301 is divided by 111?
79
What is the remainder when 1651 is divided by 57?
55
Calculate the remainder when 35572 is divided by 98.
96
What is the remainder when 121 is divided by 57?
7
What is the remainder when 827 is divided by 38?
29
Calculate the remainder when 578 is divided by 97.
93
Calculate the remainder when 211 is divided by 24.
19
Calculate the remainder when 174 is divided by 9.
3
Calculate the remainder when 207 is divided by 81.
45
What is the remainder when 765 is divided by 64?
61
Calculate the remainder when 225 is divided by 33.
27
Calculate the remainder when 380 is divided by 99.
83
What is the remainder when 310 is divided by 38?
6
What is the remainder when 206 is divided by 16?
14
What is the remainder when 725 is divided by 239?
8
Calculate the remainder when 118 is divided by 8.
6
What is the remainder when 22 is divided by 6?
4
What is the remainder when 464 is divided by 117?
113
Calculate the remainder when 101 is divided by 68.
33
Calculate the remainder when 7 is divided by 7.
0
Calculate the remainder when 1456 is divided by 121.
4
Calculate the remainder when 3759 is divided by 20.
19
What is the remainder when 158 is divided by 46?
20
Calculate the remainder when 29590 is divided by 54.
52
Calculate the remainder when 610 is divided by 68.
66
Calculate the remainder when 188 is divided by 26.
6
What is the remainder when 343 is divided by 90?
73
Calculate the remainder when 18285 is divided by 127.
124
Calculate the remainder when 45508 is divided by 410.
408
Calculate the remainder when 177 is divided by 3.
0
What is the remainder when 10248 is divided by 50?
48
Calculate the remainder when 6980 is divided by 2324.
8
What is the remainder when 5526 is divided by 8?
6
What is the remainder when 1394 is divided by 234?
224
Calculate the remainder when 347 is divided by 17.
7
What is the remainder when 18561 is divided by 119?
116
Calculate the remainder when 383 is divided by 16.
15
Calculate the remainder when 7556 is divided by 105.
101
What is the remainder when 656 is divided by 98?
68
Calculate the remainder when 304 is divided by 51.
49
Calculate the remainder when 47599 is divided by 25.
24
What is the remainder when 306 is divided by 82?
60
Calculate the remainder when 433 is divided by 73.
68
What is the remainder when 688 is divided by 53?
52
Calculate the remainder when 1464 is divided by 38.
20
Calculate the remainder when 29 is divided by 28.
1
What is the remainder when 19966 is divided by 41?
40
What is the remainder when 283 is divided by 4?
3
Calculate the remainder when 149 is divided by 4.
1
What is the remainder when 4714 is divided by 4?
2
Calculate the remainder when 594 is divided by 97.
12
Calculate the remainder when 162 is divided by 41.
39
Calculate the remainder when 980 is divided by 38.
30
What is the remainder when 141 is divided by 104?
37
What is the remainder when 302 is divided by 61?
58
Calculate the remainder when 102 is divided by 13.
11
Calculate the remainder when 34 is divided by 9.
7
Calculate the remainder when 561 is divided by 280.
1
What is the remainder when 146 is divided by 76?
70
Calculate the remainder when 247 is divided by 92.
63
Calculate the remainder when 129 is divided by 2.
1
What is the remainder when 1216 is divided by 1188?
28
Calculate the remainder when 464 is divided by 92.
4
What is the remainder when 763 is divided by 70?
63
What is the remainder when 2343 is divided by 102?
99
What is the remainder when 359 is divided by 60?
59
Calculate the remainder when 50 is divided by 9.
5
Calculate the remainder when 138 is divided by 62.
14
Calculate the remainder when 548 is divided by 499.
49
What is the remainder when 236 is divided by 21?
5
What is the remainder when 83 is divided by 6?
5
What is the remainder when 613 is divided by 88?
85
What is the remainder when 803 is divided by 50?
3
Calculate the remainder when 39525 is divided by 81.
78
Calculate the remainder when 1793 is divided by 138.
137
Calculate the remainder when 191 is divided by 28.
23
Calculate the remainder when 45 is divided by 16.
13
Calculate the remainder when 26 is divided by 22.
4
Calculate the remainder when 112 is divided by 20.
12
Calculate the remainder when 389 is divided by 97.
1
What is the remainder when 27 is divided by 18?
9
What is the remainder when 995 is divided by 494?
7
Calculate the remainder when 1287 is divided by 251.
32
What is the remainder when 296 is divided by 38?
30
What is the remainder when 143 is divided by 43?
14
Calculate the remainder when 1165 is divided by 31.
18
Calculate the remainder when 702 is divided by 326.
50
What is the remainder when 57757 is divided by 95?
92
What is the remainder when 174 is divided by 37?
26
Calculate the remainder when 123 is divided by 54.
15
Calculate the remainder when 265 is divided by 93.
79
What is the remainder when 109 is divided by 36?
1
Calculate the remainder when 139 is divided by 39.
22
Calculate the remainder when 269 is divided by 21.
17
What is the remainder when 6232 is divided by 40?
32
Calculate the remainder when 177 is divided by 39.
21
What is the remainder when 332 is divided by 12?
8
Calculate the remainder when 326 is divided by 103.
17
Calculate the remainder when 2040 is divided by 50.
40
What is the remainder when 149 is divided by 39?
32
What is the remainder when 49 is divided by 17?
15
Calculate the remainder when 2053 is divided by 26.
25
Calculate the remainder when 646 is divided by 12.
10
What is the remainder when 17948 is divided by 132?
128
What is the remainder when 25464 is divided by 17?
15
Calculate the remainder when 665 is divided by 170.
155
What is the remainder when 660 is divided by 133?
128
Calculate the remainder when 864 is divided by 31.
27
What is the remainder when 959 is divided by 36?
23
Calculate the remainder when 251 is divided by 53.
39
Calculate the remainder when 2069 is divided by 78.
41
Calculate the remainder when 7476 is divided by 26.
14
What is the remainder when 5448 is divided by 10?
8
What is the remainder when 142 is divided by 24?
22
Calculate the remainder when 1012 is divided by 7.
4
Calculate the remainder when 12457 is divided by 28.
25
Calculate the remainder when 160 is divided by 42.
34
Calculate the remainder when 125 is divided by 23.
10
Calculate the remainder when 91 is divided by 38.
15
Calculate the remainder when 566 is divided by 115.
106
Calculate the remainder when 358 is divided by 15.
13
Calculate the remainder when 1421 is divided by 78.
17
Calculate the remainder when 405 is divided by 37.
35
What is the remainder when 1687 is divided by 36?
31
What is the remainder when 3721 is divided by 1860?
1
Calculate the remainder when 174 is divided by 88.
86
What is the remainder when 304 is divided by 38?
0
What is the remainder when 416 is divided by 203?
10
What is the remainder when 161 is divided by 27?
26
What is the remainder when 3583 is divided by 6?
1
Calculate the remainder when 243 is divided by 18.
9
What is the remainder when 